{"id":66,"date":"2020-07-12T22:56:10","date_gmt":"2020-07-12T22:56:10","guid":{"rendered":"https:\/\/www.itsee.pl\/?page_id=66"},"modified":"2021-02-12T01:08:45","modified_gmt":"2021-02-12T01:08:45","slug":"filmy-zdjecia-porady","status":"publish","type":"page","link":"https:\/\/www.itsee.pl\/?page_id=66","title":{"rendered":"FOTOWOLTAIKA CA\u0141A PRAWDA"},"content":{"rendered":"<p><span style=\"font-size: 24pt;\"><span style=\"font-family: impact, sans-serif;\"><strong><span style=\"color: #3366ff;\">Op\u0142acalno\u015b\u0107 a naci\u0105galnie firm\u00a0<\/span><\/strong><\/span><\/span><\/p>\n<p><span style=\"font-family: impact, sans-serif; color: #ff0000;\">dzia\u0142 w konstrukcji\u00a0<\/span><\/p>\n<p>&nbsp;<\/p>\n<p>&nbsp;<\/p>\n<p><span style=\"font-size: 18pt;\"><span style=\"font-family: impact, sans-serif;\"><strong><span style=\"color: #3366ff;\">\u00a0 \u00a0 <span style=\"font-size: 14pt;\"><img loading=\"lazy\" decoding=\"async\" class=\"alignnone wp-image-395\" src=\"https:\/\/www.itsee.pl\/wp-content\/uploads\/2021\/02\/praca_paneli_fotowoltaicznych_w_zimie_oplacalnosc_inwestycji_hewalex_070220-300x197.jpg\" alt=\"\" width=\"233\" height=\"153\" srcset=\"https:\/\/www.itsee.pl\/wp-content\/uploads\/2021\/02\/praca_paneli_fotowoltaicznych_w_zimie_oplacalnosc_inwestycji_hewalex_070220-300x197.jpg 300w, https:\/\/www.itsee.pl\/wp-content\/uploads\/2021\/02\/praca_paneli_fotowoltaicznych_w_zimie_oplacalnosc_inwestycji_hewalex_070220-768x504.jpg 768w, https:\/\/www.itsee.pl\/wp-content\/uploads\/2021\/02\/praca_paneli_fotowoltaicznych_w_zimie_oplacalnosc_inwestycji_hewalex_070220.jpg 855w\" sizes=\"auto, (max-width: 233px) 100vw, 233px\" \/><\/span>\u00a0 <span style=\"font-size: 36pt;\">\u00a0<\/span><\/span><\/strong><\/span><\/span><span style=\"font-size: 24pt;\"><span style=\"font-family: impact, sans-serif;\"><strong><span style=\"color: #3366ff;\">Op\u0142acalno\u015b\u0107 fotowoltaiki w zime<\/span><\/strong><\/span><\/span><\/p>\n<p><span style=\"font-family: impact, sans-serif; color: #ff6600;\">Dodano 2021\u00a0 12\u00a0 Luty\u00a0 Godzina 01:45<\/span><\/p>\n<p><span style=\"color: #000000; font-family: impact, sans-serif;\">Czy op\u0142acalno\u015b\u0107 w zimie fotowoltaiki ma sens opisz\u0119 to jasno<\/span><\/p>\n<p><span style=\"font-size: 18pt; color: #ff0000; font-family: impact, sans-serif;\">1 )\u00a0 \u00a0<\/span><span style=\"font-family: impact, sans-serif;\">Op\u0142acalno\u015b\u0107 nie ma sensu, je\u017celi chodzi o miesi\u0105ce np. grudzie\u0144 czy luty jak ma to w tym roku miedzy 2020 a 2021 nie ma produkcji opisze wam to na w\u0142asnym przyk\u0142adzie rachunek za pr\u0105d by\u0142 za grudzie\u0144 2020 i stycze\u0144 2021 623 z\u0142<\/span><\/p>\n<p><span style=\"font-family: impact, sans-serif;\">Czyli wychodzi na to, \u017ce produkcja prawie zerowa, ale nie by\u0142o s\u0142o\u0144ca gdzie rok temu w marcu by\u0142o nawet 40 KW w dzie\u0144 produkcji 2 powodem jest obecnie zalegaj\u0105cy \u015bnieg na panelach<\/span><\/p>\n<p><span style=\"font-size: 18pt; color: #ff0000; font-family: impact, sans-serif;\">2 )\u00a0 <\/span><span style=\"font-family: impact, sans-serif;\">Jak temu zaradzi\u0107 jak s\u0105 du\u017ce mrozy i \u015bnieg zalega na dachu nie jest to zalecane mycie myjkami ci\u015bnieniowymi, ale z ziemi nic to nie zaszkodzi<\/span><\/p>\n<p><span style=\"font-size: 18pt; color: #ff0000; font-family: impact, sans-serif;\">3 )\u00a0 <\/span><span style=\"font-family: impact, sans-serif;\">Polecam pod\u0142\u0105czy\u0107 myjk\u0119 pod ciep\u0142\u0105 wod\u0119, ale wymiesza\u0107 ja z zimn\u0105 \u017ceby nie mia\u0142a wi\u0119cej jak 35- 45 stopni C nast\u0119pnie zrasza\u0107 jak deszcz panele z do\u0142u a\u017c si\u0119 odkryj\u0105 z pow\u0142oki \u015bniegu licz\u0105c na to, \u017ce znowu nie b\u0119dzie pada\u0142o jutro jak obecnie to mamy<\/span><\/p>\n<p><span style=\"font-size: 18pt; color: #ff0000; font-family: impact, sans-serif;\">4 )\u00a0 <\/span><span style=\"font-family: impact, sans-serif;\">Je\u017celi mamy tak\u0105 pogod\u0119 jak dzi\u015b i ci\u0105gle pada mycie niema sensu, bo jutro znowu b\u0119dziemy to samo robi\u0107 a i tak pochmurno nic to nie da, bo nie ma s\u0142o\u0144ca<\/span><\/p>\n<p><span style=\"font-size: 18pt; color: #ff0000; font-family: impact, sans-serif;\">5 )\u00a0 <\/span><span style=\"font-family: impact, sans-serif;\">Pami\u0119tajmy o jednym, je\u017celi umyjemy oczy\u015bcimy panele a s\u0142o\u0144ce b\u0119dzie i b\u0119dzie, np. -25 stopni C panele b\u0119d\u0105 dawa\u0107 energie w 100% panele im zimniejsze tym wi\u0119cej energii daj\u0105 dla tego w lecie, gdy s\u0142once jest mocne gdyby mia\u0142y -25 C da\u0142yby, 150% ale nagrzane daj\u0105 w granicy 70-max 85%<\/span><\/p>\n<p>&nbsp;<\/p>\n<p><span style=\"color: #00ff00; font-size: 24pt;\"><span style=\"font-family: impact, sans-serif; color: #008000;\"><strong><img loading=\"lazy\" decoding=\"async\" class=\"alignnone wp-image-397\" src=\"https:\/\/www.itsee.pl\/wp-content\/uploads\/2021\/02\/cc.jpg\" alt=\"\" width=\"223\" height=\"167\" \/>\u00a0 \u00a0Fotovoltaika czy warto inwestowa\u0107<\/strong> <\/span>\u00a0<\/span><\/p>\n<p><span style=\"font-family: impact, sans-serif; color: #ff6600;\">Dodano 2020\u00a0 17\u00a0 Listopada Godzina 23:12<\/span><\/p>\n<p><span style=\"font-family: impact, sans-serif;\">Panele monokrystaliczne<\/span><\/p>\n<p><span style=\"font-family: impact, sans-serif;\">Pono\u0107 maj\u0105 najwi\u0119ksz\u0105 wydajno\u015bci\u0105 (od 16% do 22%), a do ich produkcji wykorzystuje si\u0119 pojedyncze kryszta\u0142y krzemu. S\u0105 czarnego koloru i tworz\u0105 je wielok\u0105tne, cienkie p\u0142ytki.\u00a0<strong>Panele te <\/strong>\u00a0doskonale sprawdzaj\u0105 si\u0119 w sytuacjach, gdy mamy ograniczon\u0105 powierzchni\u0119 i silne nas\u0142onecznienie. Ich zaletami jest bardzo dobra odporono\u015b\u0107 na warunki atmosferyczne, trwa\u0142o\u015b\u0107 wydajno\u015b\u0107. Nale\u017cy jednak zaznaczy\u0107, \u017ce jest to jedno z najdro\u017cszych rozwi\u0105za\u0144, je\u015bli chodzi o elektrownie solarn\u0105<\/span><\/p>\n<h3><span style=\"font-family: impact, sans-serif; color: #008000;\">Panele polikrystaliczne<\/span><\/h3>\n<p><span style=\"font-family: impact, sans-serif;\">Modu\u0142y \u0142\u0105cz\u0105ce wiele kryszta\u0142\u00f3w krzemu. Maj\u0105 one\u00a0 b\u0142\u0119kitny kolor, uk\u0142ad kwadratowych p\u0142ytek wykorzystuje ca\u0142\u0105 powierzchni\u0119 ogniwa fotowoltaicznego. Posiadaj\u0105 mniejsz\u0105 wydajno\u015b\u0107 ni\u017c panele monokrystaliczne od 13% do 17% dlatego \u00a0wymagaj\u0105 wi\u0119kszej powierzchni instalacyjnej. Panele polikrystaliczne doskonale sprawdz\u0105 si\u0119 w warunkach s\u0142abszego nas\u0142onecznienia. dlatego s\u0105 to najcz\u0119\u015bciej stosowane instalacje na terenie Polski. Nier\u00f3wnomierna ilo\u015b\u0107 s\u0142o\u0144ca i cz\u0119ste zachmurzenie w ci\u0105gu ca\u0142ego roku sprawiaj\u0105, \u017ce panele te s\u0105 wydajniejsze od paneli fotowoltaicznych monokrystalicznych. Dodatkowo jest ich cena oraz \u017cywotno\u015b\u0107. Dobrej jako\u015bci\u00a0<strong>panele polikrystaliczne<\/strong>\u00a0mog\u0105 pos\u0142u\u017cy\u0107 nawet do 25 lat.<\/span><\/p>\n<p>&nbsp;<\/p>\n<h2><span style=\"color: #00ff00; font-family: impact, sans-serif;\">On-grid<\/span><\/h2>\n<p><span style=\"font-family: impact, sans-serif;\">system przy\u0142\u0105czony do sieci \u00a0oddajemy wyprodukowany pr\u0105d elektrowni niestety odzyskamy tylko 80% plusy oddamy sieci wyprodukowana\u00a0 energi\u0119\u00a0 i nadmiar oddadz\u0105 nam w w 80 % minus strata 20%<\/span><\/p>\n<p>&nbsp;<\/p>\n<h2><span style=\"color: #008000; font-family: impact, sans-serif;\">Of-grid \u00a0<\/span><\/h2>\n<p><span style=\"font-family: impact, sans-serif;\">System nie pod\u0142\u0105czony do sieci\u00a0 produkujemy w\u0142asn\u0105 energi\u0119 mamy 100% jej w noc i dzie\u0144 elektrownie to nie interesuje minus musimy zainwestowa\u0107 w Akumulator niestety nie tanie odzyskamy 100% energii ale te 20% Akumulatory sie zu\u017cywaj\u0105 \u00a0i prawie wychodzi na to samo<\/span><\/p>\n<h2><span style=\"color: #ff0000; font-family: impact, sans-serif;\">Mora\u0142 tak czy siak i tak zap\u0142acimy<\/span><\/h2>\n<p><span style=\"font-family: impact, sans-serif;\">podsumowuj\u0105c czy wykorzystamy off-grid czy on-grid w defakto wyjdzie tosamo bo tu oddamy sieci 20% a tu kupimy Akumulator kt\u00f3re niewiadomo ile poci\u0105gn\u0105<\/span><\/p>\n<p><strong style=\"color: #333333; font-family: 'arial black', sans-serif;\"><strong><span style=\"font-size: 14pt;\">\u00a0<\/span><\/strong><\/strong><\/p>\n<p>&nbsp;<\/p>\n","protected":false},"excerpt":{"rendered":"<p>Op\u0142acalno\u015b\u0107 a naci\u0105galnie firm\u00a0 dzia\u0142 w konstrukcji\u00a0 &nbsp; &nbsp; \u00a0 \u00a0 \u00a0 \u00a0Op\u0142acalno\u015b\u0107 fotowoltaiki w zime Dodano 2021\u00a0 12\u00a0 Luty\u00a0 Godzina 01:45 Czy op\u0142acalno\u015b\u0107 w zimie fotowoltaiki ma sens opisz\u0119 to jasno 1 )\u00a0 \u00a0Op\u0142acalno\u015b\u0107 nie ma sensu, je\u017celi chodzi o miesi\u0105ce np. grudzie\u0144 czy luty jak ma to w tym roku miedzy 2020 a<\/p>\n","protected":false},"author":1,"featured_media":0,"parent":0,"menu_order":0,"comment_status":"open","ping_status":"closed","template":"","meta":{"h5ap_radio_sources":[],"footnotes":""},"class_list":["post-66","page","type-page","status-publish","hentry"],"_links":{"self":[{"href":"https:\/\/www.itsee.pl\/index.php?rest_route=\/wp\/v2\/pages\/66","targetHints":{"allow":["GET"]}}],"collection":[{"href":"https:\/\/www.itsee.pl\/index.php?rest_route=\/wp\/v2\/pages"}],"about":[{"href":"https:\/\/www.itsee.pl\/index.php?rest_route=\/wp\/v2\/types\/page"}],"author":[{"embeddable":true,"href":"https:\/\/www.itsee.pl\/index.php?rest_route=\/wp\/v2\/users\/1"}],"replies":[{"embeddable":true,"href":"https:\/\/www.itsee.pl\/index.php?rest_route=%2Fwp%2Fv2%2Fcomments&post=66"}],"version-history":[{"count":18,"href":"https:\/\/www.itsee.pl\/index.php?rest_route=\/wp\/v2\/pages\/66\/revisions"}],"predecessor-version":[{"id":399,"href":"https:\/\/www.itsee.pl\/index.php?rest_route=\/wp\/v2\/pages\/66\/revisions\/399"}],"wp:attachment":[{"href":"https:\/\/www.itsee.pl\/index.php?rest_route=%2Fwp%2Fv2%2Fmedia&parent=66"}],"curies":[{"name":"wp","href":"https:\/\/api.w.org\/{rel}","templated":true}]}}

FOTOWOLTAIKA CAŁA PRAWDA

<p><span style="font-size: 24pt;"><span style="font-family: impact, sans-serif;"><strong><span style="color: #3366ff;">Opłacalność a naciągalnie firm </span></strong></span></span></p>
<p><span style="font-family: impact, sans-serif; color: #ff0000;">dział w konstrukcji </span></p>
<p>&nbsp;</p>
<p>&nbsp;</p>
<p><span style="font-size: 18pt;"><span style="font-family: impact, sans-serif;"><strong><span style="color: #3366ff;">    <span style="font-size: 14pt;"><img loading="lazy" decoding="async" class="alignnone wp-image-395" src="https://www.itsee.pl/wp-content/uploads/2021/02/praca_paneli_fotowoltaicznych_w_zimie_oplacalnosc_inwestycji_hewalex_070220-300x197.jpg" alt="" width="233" height="153" srcset="https://www.itsee.pl/wp-content/uploads/2021/02/praca_paneli_fotowoltaicznych_w_zimie_oplacalnosc_inwestycji_hewalex_070220-300x197.jpg 300w, https://www.itsee.pl/wp-content/uploads/2021/02/praca_paneli_fotowoltaicznych_w_zimie_oplacalnosc_inwestycji_hewalex_070220-768x504.jpg 768w, https://www.itsee.pl/wp-content/uploads/2021/02/praca_paneli_fotowoltaicznych_w_zimie_oplacalnosc_inwestycji_hewalex_070220.jpg 855w" sizes="auto, (max-width: 233px) 100vw, 233px" /></span>  <span style="font-size: 36pt;"> </span></span></strong></span></span><span style="font-size: 24pt;"><span style="font-family: impact, sans-serif;"><strong><span style="color: #3366ff;">Opłacalność fotowoltaiki w zime</span></strong></span></span></p>
<p><span style="font-family: impact, sans-serif; color: #ff6600;">Dodano 2021  12  Luty  Godzina 01:45</span></p>
<p><span style="color: #000000; font-family: impact, sans-serif;">Czy opłacalność w zimie fotowoltaiki ma sens opiszę to jasno</span></p>
<p><span style="font-size: 18pt; color: #ff0000; font-family: impact, sans-serif;">1 )   </span><span style="font-family: impact, sans-serif;">Opłacalność nie ma sensu, jeżeli chodzi o miesiące np. grudzień czy luty jak ma to w tym roku miedzy 2020 a 2021 nie ma produkcji opisze wam to na własnym przykładzie rachunek za prąd był za grudzień 2020 i styczeń 2021 623 zł</span></p>
<p><span style="font-family: impact, sans-serif;">Czyli wychodzi na to, że produkcja prawie zerowa, ale nie było słońca gdzie rok temu w marcu było nawet 40 KW w dzień produkcji 2 powodem jest obecnie zalegający śnieg na panelach</span></p>
<p><span style="font-size: 18pt; color: #ff0000; font-family: impact, sans-serif;">2 )  </span><span style="font-family: impact, sans-serif;">Jak temu zaradzić jak są duże mrozy i śnieg zalega na dachu nie jest to zalecane mycie myjkami ciśnieniowymi, ale z ziemi nic to nie zaszkodzi</span></p>
<p><span style="font-size: 18pt; color: #ff0000; font-family: impact, sans-serif;">3 )  </span><span style="font-family: impact, sans-serif;">Polecam podłączyć myjkę pod ciepłą wodę, ale wymieszać ja z zimną żeby nie miała więcej jak 35- 45 stopni C następnie zraszać jak deszcz panele z dołu aż się odkryją z powłoki śniegu licząc na to, że znowu nie będzie padało jutro jak obecnie to mamy</span></p>
<p><span style="font-size: 18pt; color: #ff0000; font-family: impact, sans-serif;">4 )  </span><span style="font-family: impact, sans-serif;">Jeżeli mamy taką pogodę jak dziś i ciągle pada mycie niema sensu, bo jutro znowu będziemy to samo robić a i tak pochmurno nic to nie da, bo nie ma słońca</span></p>
<p><span style="font-size: 18pt; color: #ff0000; font-family: impact, sans-serif;">5 )  </span><span style="font-family: impact, sans-serif;">Pamiętajmy o jednym, jeżeli umyjemy oczyścimy panele a słońce będzie i będzie, np. -25 stopni C panele będą dawać energie w 100% panele im zimniejsze tym więcej energii dają dla tego w lecie, gdy słonce jest mocne gdyby miały -25 C dałyby, 150% ale nagrzane dają w granicy 70-max 85%</span></p>
<p>&nbsp;</p>
<p><span style="color: #00ff00; font-size: 24pt;"><span style="font-family: impact, sans-serif; color: #008000;"><strong><img loading="lazy" decoding="async" class="alignnone wp-image-397" src="https://www.itsee.pl/wp-content/uploads/2021/02/cc.jpg" alt="" width="223" height="167" />   Fotovoltaika czy warto inwestować</strong> </span> </span></p>
<p><span style="font-family: impact, sans-serif; color: #ff6600;">Dodano 2020  17  Listopada Godzina 23:12</span></p>
<p><span style="font-family: impact, sans-serif;">Panele monokrystaliczne</span></p>
<p><span style="font-family: impact, sans-serif;">Ponoć mają największą wydajnością (od 16% do 22%), a do ich produkcji wykorzystuje się pojedyncze kryształy krzemu. Są czarnego koloru i tworzą je wielokątne, cienkie płytki. <strong>Panele te </strong> doskonale sprawdzają się w sytuacjach, gdy mamy ograniczoną powierzchnię i silne nasłonecznienie. Ich zaletami jest bardzo dobra odporoność na warunki atmosferyczne, trwałość wydajność. Należy jednak zaznaczyć, że jest to jedno z najdroższych rozwiązań, jeśli chodzi o elektrownie solarną</span></p>
<h3><span style="font-family: impact, sans-serif; color: #008000;">Panele polikrystaliczne</span></h3>
<p><span style="font-family: impact, sans-serif;">Moduły łączące wiele kryształów krzemu. Mają one  błękitny kolor, układ kwadratowych płytek wykorzystuje całą powierzchnię ogniwa fotowoltaicznego. Posiadają mniejszą wydajność niż panele monokrystaliczne od 13% do 17% dlatego  wymagają większej powierzchni instalacyjnej. Panele polikrystaliczne doskonale sprawdzą się w warunkach słabszego nasłonecznienia. dlatego są to najczęściej stosowane instalacje na terenie Polski. Nierównomierna ilość słońca i częste zachmurzenie w ciągu całego roku sprawiają, że panele te są wydajniejsze od paneli fotowoltaicznych monokrystalicznych. Dodatkowo jest ich cena oraz żywotność. Dobrej jakości <strong>panele polikrystaliczne</strong> mogą posłużyć nawet do 25 lat.</span></p>
<p>&nbsp;</p>
<h2><span style="color: #00ff00; font-family: impact, sans-serif;">On-grid</span></h2>
<p><span style="font-family: impact, sans-serif;">system przyłączony do sieci  oddajemy wyprodukowany prąd elektrowni niestety odzyskamy tylko 80% plusy oddamy sieci wyprodukowana  energię  i nadmiar oddadzą nam w w 80 % minus strata 20%</span></p>
<p>&nbsp;</p>
<h2><span style="color: #008000; font-family: impact, sans-serif;">Of-grid  </span></h2>
<p><span style="font-family: impact, sans-serif;">System nie podłączony do sieci  produkujemy własną energię mamy 100% jej w noc i dzień elektrownie to nie interesuje minus musimy zainwestować w Akumulator niestety nie tanie odzyskamy 100% energii ale te 20% Akumulatory sie zużywają  i prawie wychodzi na to samo</span></p>
<h2><span style="color: #ff0000; font-family: impact, sans-serif;">Morał tak czy siak i tak zapłacimy</span></h2>
<p><span style="font-family: impact, sans-serif;">podsumowując czy wykorzystamy off-grid czy on-grid w defakto wyjdzie tosamo bo tu oddamy sieci 20% a tu kupimy Akumulator które niewiadomo ile pociągną</span></p>
<p><strong style="color: #333333; font-family: 'arial black', sans-serif;"><strong><span style="font-size: 14pt;"> </span></strong></strong></p>
<p>&nbsp;</p>

<p>Opłacalność a naciągalnie firm  dział w konstrukcji  &nbsp; &nbsp;        Opłacalność fotowoltaiki w zime Dodano 2021  12  Luty  Godzina 01:45 Czy opłacalność w zimie fotowoltaiki ma sens opiszę to jasno 1 )   Opłacalność nie ma sensu, jeżeli chodzi o miesiące np. grudzień czy luty jak ma to w tym roku miedzy 2020 a</p>
